939940949?
2
What is the hundred thousands digit of 167770873?
7
What is the hundreds digit of 507867889?
8
What is the billions digit of 5193311299?
5
What is the units digit of 430016120?
0
What is the thousands digit of 2534242059?
2
What is the units digit of 482020535?
5
What is the thousands digit of 20628143?
8
What is the hundred millions digit of 151308718?
1
What is the hundred thousands digit of 65206224?
2
What is the tens digit of 70526479?
7
What is the tens digit of 414919907?
0
What is the thousands digit of 4103452?
3
What is the hundreds digit of 281173656?
6
What is the millions digit of 438919244?
8
What is the hundred thousands digit of 116390755?
3
What is the tens digit of 1632210547?
4
What is the tens digit of 576325796?
9
What is the tens digit of 120262765?
6
What is the units digit of 71559634?
4
What is the thousands digit of 4280083902?
3
What is the tens digit of 3029687?
8
What is the ten thousands digit of 685636618?
3
What is the units digit of 3894853?
3
What is the hundred millions digit of 1186441182?
1
What is the ten thousands digit of 156473889?
7
What is the millions digit of 99995629?
9
What is the millions digit of 2409614932?
9
What is the ten millions digit of 4437321132?
3
What is the hundred thousands digit of 1634229078?
2
What is the units digit of 425871045?
5
What is the millions digit of 297534075?
7
What is the hundred thousands digit of 119326646?
3
What is the units digit of 20103876?
6
What is the tens digit of 1263128352?
5
What is the millions digit of 354670295?
4
What is the ten thousands digit of 97141547?
4
What is the thousands digit of 472862365?
2
What is the hundred millions digit of 750386142?
7
What is the tens digit of 93911840?
4
What is the hundred thousands digit of 132021341?
0
What is the ten millions digit of 743496281?
4
What is the hundred millions digit of 484498514?
4
What is the units digit of 584166760?
0
What is the hundred thousands digit of 2215760964?
7
What is the thousands digit of 91866415?
6
What is the hundreds digit of 3980737449?
4
What is the units digit of 67152109?
9
What is the thousands digit of 18789503?
9
What is the tens digit of 260580157?
5
What is the hundred millions digit of 114015355?
1
What is the millions digit of 2282104?
2
What is the hundred millions digit of 202352630?
2
What is the millions digit of 61356642?
1
What is the hundreds digit of 76437329?
3
What is the units digit of 1373618343?
3
What is the thousands digit of 3574063147?
3
What is the millions digit of 7402434092?
2
What is the thousands digit of 1198207996?
7
What is the ten thousands digit of 45841435?
4
What is the hundred thousands digit of 4510203?
5
What is the ten millions digit of 172094778?
7
What is the units digit of 57336754?
4
What is the units digit of 3934445382?
2
What is the tens digit of 1912616265?
6
What is the tens digit of 7595819?
1
What is the ten thousands digit of 1601078298?
7
What is the hundred thousands digit of 8872769?
8
What is the hundreds digit of 1200226684?
6
What is the ten thousands digit of 19438512?
3
What is the hundred thousands digit of 12135717?
1
What is the hundreds digit of 160755076?
0
What is the units digit of 75742981?
1
What is the ten millions digit of 2473755758?
7
What is the millions digit of 2315345849?
5
What is the ten millions digit of 271764131?
7
What is the tens digit of 157353205?
0
What is the thousands digit of 42361479?
1
What is the millions digit of 4880517?
4
What is the millions digit of 31428213?
1
What is the units digit of 95337?
7
What is the thousands digit of 3678980225?
0
What is the hundred millions digit of 147715529?
1
What is the millions digit of 87125557?
7
What is the hundreds digit of 50849564?
5
What is the units digit of 67645684?
4
What is the units digit of 98558364?
4
What is the millions digit of 16401046?
6
What is the hundreds digit of 403683696?
6
What is the hundreds digit of 276917236?
2
What is the ten millions digit of 30309460?
3
What is the ten thousands digit of 340491292?
9
What is the thousands digit of 8256334?
6
What is the hundreds digit of 3982366316?
3
What is the millions digit of 159614634?
9
What is the ten thousands digit of 192996922?
9
What is the thousands digit of 55704431?
4
What is the hundred thousands digit of 4927029699?
0
What is the hundred millions digit of 271092292?
2
What is the ten millions digit of 3713444458?
1
What is the units digit of 28835286?
6
What is the ten millions digit of 45475904?
4
What is the hundred thousands digit of 2971233056?
2
What is the thousands digit of 750580990?
0
What is the units digit of 9529941?
1
What is the hundred thousands digit of 3075228806?
2
What is the tens digit of 23329858?
5
What is the hundred millions digit of 2388649529?
3
What is the hundred thousands digit of 122996467?
9
What is the units digit of 57416496?
6
What is the hundreds digit of 54649770?
7
What is the units digit of 81537163?
3
What is the ten millions digit of 1112531865?
1
What is the tens digit of 88268283?
8
What is the hundreds digit of 1399296699?
6
What is the ten millions digit of 656785070?
5
What is the hundred thousands digit of 9126124775?
1
What is the millions digit of 20732067?
0
What is the billions digit of 1713609134?
1
What is the ten thousands digit of 37960049?
6
What is the ten millions digit of 2508319509?
0
What is the tens digit of 4198892793?
9
What is the hundreds digit of 27699423?
4
What is the thousands digit of 35505230?
5
What is the ten thousands digit of 69738395?
3
What is the hundreds digit of 66253954?
9
What is the thousands digit of 4187052145?
2
What is the ten thousands digit of 488538389?
3
What is the units digit of 4035285611?
1
What is the hundred thousands digit of 658136516?
1
What is the units digit of 893025785?
5
What is the thousands digit of 3747568431?
8
What is the thousands digit of 1168545409?
5
What is the hundred thousands digit of 1429582633?
5
What is the millions digit of 203354800?
3
What is the hundreds digit of 1118469837?
8
What is the hundreds digit of 158362643?
6
What is the hundred thousands digit of 291923615?
9
What is the tens digit of 5971238407?
0
What is the hundred millions digit of 1360837687?
3
What is the millions digit of 4217561?
4
What is the millions digit of 1480445633?
0
What is the hundred millions digit of 931618301?
9
What is the hundreds digit of 6402456800?
8
What is the hundreds digit of 26550806?
8
What is the hundred thousands digit of 77677743?
6
What is the millions digit of 1592586812?
2
What is the millions digit of 30643071?
0
What is the hundreds digit of 9703040?
0
What is the tens digit of 731672127?
2
What is the thousands digit of 128927887?
7
What is the thousands digit of 54864357?
4
What is the hundreds digit of 371695820?
8
What is the thousands digit of 435277252?
7
What is the tens digit of 1862017255?
5
What is the units digit of 2033017014?
4
What is the millions digit of 4384986914?
4
What is the hundred thousands digit of 4100077723?
0
What is the hundred thousands digit of 81502246?
5
What is the millions digit of 34625390?
4
What is the millions digit of 393600058?
3
What is the hundreds digit of 358104787?
7
What is the millions digit of 1014584173?
4
What is the units digit of 521100088?
8
What is the millions digit of 1490549?
1
What is the ten thousands digit of 1528682921?
8
What is the hundreds digit of 207324514?
5
What is the hundred thousands digit of 105526316?
5
What is the ten thousands digit of 868562117?
6
What is the hundred millions digit of 1929863800?
9
What is the ten thousands digit of 19657314?
5
What is the ten thousands digit of 101142596?
4
What is the ten millions digit of 20927509?
2
What is the hundred millions digit of 363695270?
3
What is the hundred millions digit of 388666013?
3
What is the ten thousands digit of 144679408?
7
What is the units digit of 7908712?
2
What is the ten thousands digit of 84364214?
6
What is the ten thousands digit of 87489586?
8
What is the units digit of 57022521?
1
What is the ten thousands digit of 84128885?
2
What is the hundreds digit of 121487145?
1
What is the tens digit of 6044252001?
0
What is the ten millions digit of 113038745?
1
What is the hund